{"id":27,"date":"2023-05-03T00:02:00","date_gmt":"2023-05-03T00:02:00","guid":{"rendered":"https:\/\/alejandrazermeno.mx\/formulario\/?page_id=27"},"modified":"2023-05-23T18:02:09","modified_gmt":"2023-05-23T18:02:09","slug":"pre-entrevista","status":"publish","type":"page","link":"https:\/\/alejandrazermeno.mx\/formulario\/index.php\/pre-entrevista\/","title":{"rendered":"Pre-entrevista"},"content":{"rendered":"\t\t<div data-elementor-type=\"wp-page\" data-elementor-id=\"27\" class=\"elementor elementor-27\">\n\t\t\t\t\t\t\t\t\t<section class=\"elementor-section elementor-top-section elementor-element elementor-element-539f54d elementor-section-stretched elementor-hidden-tablet elementor-hidden-mobile elementor-section-boxed elementor-section-height-default elementor-section-height-default\" data-id=\"539f54d\" data-element_type=\"section\" data-settings=\"{&quot;stretch_section&quot;:&quot;section-stretched&quot;,&quot;background_background&quot;:&quot;classic&quot;}\">\n\t\t\t\t\t\t<div class=\"elementor-container elementor-column-gap-default\">\n\t\t\t\t\t<div class=\"elementor-column elementor-col-100 elementor-top-column elementor-element elementor-element-263fa0c8\" data-id=\"263fa0c8\" data-element_type=\"column\" data-settings=\"{&quot;background_background&quot;:&quot;classic&quot;}\">\n\t\t\t<div class=\"elementor-widget-wrap elementor-element-populated\">\n\t\t\t\t\t\t\t\t<div class=\"elementor-element elementor-element-667b4fe elementor-widget elementor-widget-shortcode\" data-id=\"667b4fe\" data-element_type=\"widget\" data-widget_type=\"shortcode.default\">\n\t\t\t\t<div class=\"elementor-widget-container\">\n\t\t\t\t\t<div class=\"elementor-shortcode\">\n<div class=\"wpcf7 no-js\" id=\"wpcf7-f10-o1\" lang=\"es-MX\" dir=\"ltr\">\n<div class=\"screen-reader-response\"><p role=\"status\" aria-live=\"polite\" aria-atomic=\"true\"><\/p> <ul><\/ul><\/div>\n<form action=\"\/formulario\/index.php\/wp-json\/wp\/v2\/pages\/27#wpcf7-f10-o1\" method=\"post\" class=\"wpcf7-form init\" aria-label=\"Formulario de contacto\" novalidate=\"novalidate\" data-status=\"init\">\n<div style=\"display: none;\">\n<input type=\"hidden\" name=\"_wpcf7\" value=\"10\" \/>\n<input type=\"hidden\" name=\"_wpcf7_version\" value=\"5.9.3\" \/>\n<input type=\"hidden\" name=\"_wpcf7_locale\" value=\"es_MX\" \/>\n<input type=\"hidden\" name=\"_wpcf7_unit_tag\" value=\"wpcf7-f10-o1\" \/>\n<input type=\"hidden\" name=\"_wpcf7_container_post\" value=\"0\" \/>\n<input type=\"hidden\" name=\"_wpcf7_posted_data_hash\" value=\"\" \/>\n<\/div>\n<h1 align=\"center\">Entrevista Alejandra Zerme\u00f1o\n<\/h1>\n<h2>Nombre novi@:\n<\/h2>\n<p>Nombre:<br \/>\n<span class=\"wpcf7-form-control-wrap\" data-name=\"nombre-1\"><input size=\"40\" class=\"wpcf7-form-control wpcf7-text\" aria-invalid=\"false\" value=\"\" type=\"text\" name=\"nombre-1\" \/><\/span><br \/>\nApellido@:<br \/>\n<span class=\"wpcf7-form-control-wrap\" data-name=\"apellido-1\"><input size=\"40\" class=\"wpcf7-form-control wpcf7-text\" aria-invalid=\"false\" value=\"\" type=\"text\" name=\"apellido-1\" \/><\/span>\n<\/p>\n<h2>Nombre novi@:\n<\/h2>\n<p>Nombre:<br \/>\n<span class=\"wpcf7-form-control-wrap\" data-name=\"nombre-2\"><input size=\"40\" class=\"wpcf7-form-control wpcf7-text\" aria-invalid=\"false\" value=\"\" type=\"text\" name=\"nombre-2\" \/><\/span><br \/>\nApellido:<br \/>\n<span class=\"wpcf7-form-control-wrap\" data-name=\"apellido-2\"><input size=\"40\" class=\"wpcf7-form-control wpcf7-text\" aria-invalid=\"false\" value=\"\" type=\"text\" name=\"apellido-2\" \/><\/span>\n<\/p>\n<h2>Correo Electr\u00f3nico:\n<\/h2>\n<p>E-mail:<br \/>\n<span class=\"wpcf7-form-control-wrap\" data-name=\"correo-1\"><input size=\"40\" class=\"wpcf7-form-control wpcf7-email wpcf7-text wpcf7-validates-as-email\" aria-invalid=\"false\" value=\"\" type=\"email\" name=\"correo-1\" \/><\/span>\n<\/p>\n<h2>N\u00famero de tel\u00e9fono (WhatsApp):\n<\/h2>\n<p>N\u00famero:<br \/>\n<span class=\"wpcf7-form-control-wrap\" data-name=\"tel-1\"><input size=\"40\" class=\"wpcf7-form-control wpcf7-tel wpcf7-validates-as-required wpcf7-text wpcf7-validates-as-tel\" aria-required=\"true\" aria-invalid=\"false\" value=\"\" type=\"tel\" name=\"tel-1\" \/><\/span>\n<\/p>\n<h2>\u00bfDe qu\u00e9 ciudad nos contactan?\n<\/h2>\n<p>Ciudad:<br \/>\n<span class=\"wpcf7-form-control-wrap\" data-name=\"ciudad-1\"><input size=\"40\" class=\"wpcf7-form-control wpcf7-text wpcf7-validates-as-required\" aria-required=\"true\" aria-invalid=\"false\" value=\"\" type=\"text\" name=\"ciudad-1\" \/><\/span>\n<\/p>\n<h2>Tipo de evento\n<\/h2>\n<p>Ciudad:<br \/>\n<span class=\"wpcf7-form-control-wrap\" data-name=\"tipo-1\"><input size=\"40\" class=\"wpcf7-form-control wpcf7-text wpcf7-validates-as-required\" aria-required=\"true\" aria-invalid=\"false\" value=\"\" type=\"text\" name=\"tipo-1\" \/><\/span>\n<\/p>\n<h2>\u00bfFecha a realizarse la boda\/evento?\n<\/h2>\n<p>Fecha:<br \/>\n<span class=\"wpcf7-form-control-wrap\" data-name=\"fecha-1\"><input size=\"40\" class=\"wpcf7-form-control wpcf7-text wpcf7-validates-as-required\" aria-required=\"true\" aria-invalid=\"false\" value=\"\" type=\"text\" name=\"fecha-1\" \/><\/span>\n<\/p>\n<h2>\u00bfN\u00famero de invitados m\u00e1ximo para el evento?\n<\/h2>\n<p>N\u00famero de invitados:<br \/>\n<span class=\"wpcf7-form-control-wrap\" data-name=\"invitados-1\"><input size=\"40\" class=\"wpcf7-form-control wpcf7-text wpcf7-validates-as-required\" aria-required=\"true\" aria-invalid=\"false\" value=\"\" type=\"text\" name=\"invitados-1\" \/><\/span>\n<\/p>\n<h2>\u00bfLugar destino de la boda\/evento?\n<\/h2>\n<p>Lugar:<br \/>\n<span class=\"wpcf7-form-control-wrap\" data-name=\"lugar-1\"><input size=\"40\" class=\"wpcf7-form-control wpcf7-text wpcf7-validates-as-required\" aria-required=\"true\" aria-invalid=\"false\" value=\"\" type=\"text\" name=\"lugar-1\" \/><\/span>\n<\/p>\n<h2>\u00bfYa cuentan con venue\/recinto para el evento?\n<\/h2>\n<p><span class=\"wpcf7-form-control-wrap\" data-name=\"venue-1\"><select class=\"wpcf7-form-control wpcf7-select wpcf7-validates-as-required\" aria-required=\"true\" aria-invalid=\"false\" name=\"venue-1\"><option value=\"Si\">Si<\/option><option value=\"No\">No<\/option><\/select><\/span>\n<\/p>\n<h2>\u00bfCu\u00e1l es el nombre del venue?\n<\/h2>\n<p>Nombre:<br \/>\n<span class=\"wpcf7-form-control-wrap\" data-name=\"venue-2\"><input size=\"40\" class=\"wpcf7-form-control wpcf7-text wpcf7-validates-as-required\" aria-required=\"true\" aria-invalid=\"false\" value=\"\" type=\"text\" name=\"venue-2\" \/><\/span>\n<\/p>\n<h2>Enumere cu\u00e1l de los siguientes servicios consideras prioridad en invertir (1. m\u00e1s importante y 7. menos importante):<br \/>\nRecinto\/Venue<br \/>\nDecoraci\u00f3n\/Flores<br \/>\nCatering\/Banquete<br \/>\nMobiliario<br \/>\nM\u00fasica\/Iluminaci\u00f3n<br \/>\nNo tengo uno en particular<br \/>\nOtro (especificar)\n<\/h2>\n<p>Escribe aqu\u00ed.<br \/>\n<span class=\"wpcf7-form-control-wrap\" data-name=\"invertir-1\"><input size=\"40\" class=\"wpcf7-form-control wpcf7-text\" aria-invalid=\"false\" value=\"\" type=\"text\" name=\"invertir-1\" \/><\/span>\n<\/p>\n<h2>Ind\u00edcanos rangos aproximado para la inversi\u00f3n de su boda total\n<\/h2>\n<p>Rango:<br \/>\n<span class=\"wpcf7-form-control-wrap\" data-name=\"rango-1\"><input size=\"40\" class=\"wpcf7-form-control wpcf7-text\" aria-invalid=\"false\" value=\"\" type=\"text\" name=\"rango-1\" \/><\/span>\n<\/p>\n<h2>Como empresa integral de eventos, manejamos diversos servicios a tu disposici\u00f3n desde la log\u00edstica hasta el dise\u00f1o de la misma. \u00bfTienen considerado alguno en espec\u00edfico con nosotros? De ser as\u00ed, cu\u00e1l\/es?\n<\/h2>\n<p><span class=\"wpcf7-form-control-wrap\" data-name=\"servicios-1\"><span class=\"wpcf7-form-control wpcf7-checkbox\"><span class=\"wpcf7-list-item first\"><label><input type=\"checkbox\" name=\"servicios-1[]\" value=\"Decoraci\u00f3n\" \/><span class=\"wpcf7-list-item-label\">Decoraci\u00f3n<\/span><\/label><\/span><span class=\"wpcf7-list-item last\"><label><input type=\"checkbox\" name=\"servicios-1[]\" value=\"Producci\u00f3n Integral y Decoraci\u00f3n\" \/><span class=\"wpcf7-list-item-label\">Producci\u00f3n Integral y Decoraci\u00f3n<\/span><\/label><\/span><\/span><\/span>\n<\/p>\n<h2>\u00bfQu\u00e9 tan importante es para ti que tu evento tenga elementos exclusivos y personalizados?\n<\/h2>\n<p><span class=\"wpcf7-form-control-wrap\" data-name=\"personalizado-1\"><input size=\"40\" class=\"wpcf7-form-control wpcf7-text\" aria-invalid=\"false\" value=\"\" type=\"text\" name=\"personalizado-1\" \/><\/span>\n<\/p>\n<h2>\u00bfEn caso de requerir \u00fanicamente decoraci\u00f3n, cuentan con Wedding planner? De ser as\u00ed, cu\u00e1l es su nombre?\n<\/h2>\n<p><span class=\"wpcf7-form-control-wrap\" data-name=\"planner-1\"><input size=\"40\" class=\"wpcf7-form-control wpcf7-text\" aria-invalid=\"false\" value=\"\" type=\"text\" name=\"planner-1\" \/><\/span>\n<\/p>\n<h2>\u00bfPor qu\u00e9 medio se enteraron de nosotros?\n<\/h2>\n<p>Medio:<br \/>\n<span class=\"wpcf7-form-control-wrap\" data-name=\"medio-1\"><select class=\"wpcf7-form-control wpcf7-select wpcf7-validates-as-required\" aria-required=\"true\" aria-invalid=\"false\" name=\"medio-1\"><option value=\"Recomendaci\u00f3n\">Recomendaci\u00f3n<\/option><option value=\"Facebook\">Facebook<\/option><option value=\"Instagram\">Instagram<\/option><option value=\"Asist\u00ed como invitad@\">Asist\u00ed como invitad@<\/option><\/select><\/span>\n<\/p>\n<h2>Comp\u00e1rtenos 5 fotos que m\u00e1s les guste como inspiraci\u00f3n de su boda.\n<\/h2>\n<p><span class=\"wpcf7-form-control-wrap\" data-name=\"fotos-1\"><input size=\"40\" class=\"wpcf7-form-control wpcf7-drag-n-drop-file d-none\" aria-required=\"true\" aria-invalid=\"false\" type=\"file\" multiple=\"multiple\" data-name=\"fotos-1\" data-id=\"10\" data-version=\"free version 1.3.7.7\" accept=\".\" \/><\/span>\n<\/p>\n<h1 align=\"center\"><input class=\"wpcf7-form-control wpcf7-submit has-spinner\" type=\"submit\" value=\"Enviar\" \/>\n\t<h1>\n\t<\/h1>\n<\/h1><div class=\"wpcf7-response-output\" aria-hidden=\"true\"><\/div>\n<\/form>\n<\/div>\n<\/div>\n\t\t\t\t<\/div>\n\t\t\t\t<\/div>\n\t\t\t\t\t<\/div>\n\t\t<\/div>\n\t\t\t\t\t\t\t<\/div>\n\t\t<\/section>\n\t\t\t\t<section class=\"elementor-section elementor-top-section elementor-element elementor-element-7a0adcd elementor-section-full_width elementor-hidden-desktop elementor-section-height-default elementor-section-height-default\" data-id=\"7a0adcd\" data-element_type=\"section\" data-settings=\"{&quot;background_background&quot;:&quot;classic&quot;}\">\n\t\t\t\t\t\t<div class=\"elementor-container elementor-column-gap-default\">\n\t\t\t\t\t<div class=\"elementor-column elementor-col-100 elementor-top-column elementor-element elementor-element-52e6753\" data-id=\"52e6753\" data-element_type=\"column\">\n\t\t\t<div class=\"elementor-widget-wrap elementor-element-populated\">\n\t\t\t\t\t\t\t\t<div class=\"elementor-element elementor-element-e9b2567 elementor-widget elementor-widget-shortcode\" data-id=\"e9b2567\" data-element_type=\"widget\" data-widget_type=\"shortcode.default\">\n\t\t\t\t<div class=\"elementor-widget-container\">\n\t\t\t\t\t<div class=\"elementor-shortcode\">\n<div class=\"wpcf7 no-js\" id=\"wpcf7-f10-o2\" lang=\"es-MX\" dir=\"ltr\">\n<div class=\"screen-reader-response\"><p role=\"status\" aria-live=\"polite\" aria-atomic=\"true\"><\/p> <ul><\/ul><\/div>\n<form action=\"\/formulario\/index.php\/wp-json\/wp\/v2\/pages\/27#wpcf7-f10-o2\" method=\"post\" class=\"wpcf7-form init\" aria-label=\"Formulario de contacto\" novalidate=\"novalidate\" data-status=\"init\">\n<div style=\"display: none;\">\n<input type=\"hidden\" name=\"_wpcf7\" value=\"10\" \/>\n<input type=\"hidden\" name=\"_wpcf7_version\" value=\"5.9.3\" \/>\n<input type=\"hidden\" name=\"_wpcf7_locale\" value=\"es_MX\" \/>\n<input type=\"hidden\" name=\"_wpcf7_unit_tag\" value=\"wpcf7-f10-o2\" \/>\n<input type=\"hidden\" name=\"_wpcf7_container_post\" value=\"0\" \/>\n<input type=\"hidden\" name=\"_wpcf7_posted_data_hash\" value=\"\" \/>\n<\/div>\n<h1 align=\"center\">Entrevista Alejandra Zerme\u00f1o\n<\/h1>\n<h2>Nombre novi@:\n<\/h2>\n<p>Nombre:<br \/>\n<span class=\"wpcf7-form-control-wrap\" data-name=\"nombre-1\"><input size=\"40\" class=\"wpcf7-form-control wpcf7-text\" aria-invalid=\"false\" value=\"\" type=\"text\" name=\"nombre-1\" \/><\/span><br \/>\nApellido@:<br \/>\n<span class=\"wpcf7-form-control-wrap\" data-name=\"apellido-1\"><input size=\"40\" class=\"wpcf7-form-control wpcf7-text\" aria-invalid=\"false\" value=\"\" type=\"text\" name=\"apellido-1\" \/><\/span>\n<\/p>\n<h2>Nombre novi@:\n<\/h2>\n<p>Nombre:<br \/>\n<span class=\"wpcf7-form-control-wrap\" data-name=\"nombre-2\"><input size=\"40\" class=\"wpcf7-form-control wpcf7-text\" aria-invalid=\"false\" value=\"\" type=\"text\" name=\"nombre-2\" \/><\/span><br \/>\nApellido:<br \/>\n<span class=\"wpcf7-form-control-wrap\" data-name=\"apellido-2\"><input size=\"40\" class=\"wpcf7-form-control wpcf7-text\" aria-invalid=\"false\" value=\"\" type=\"text\" name=\"apellido-2\" \/><\/span>\n<\/p>\n<h2>Correo Electr\u00f3nico:\n<\/h2>\n<p>E-mail:<br \/>\n<span class=\"wpcf7-form-control-wrap\" data-name=\"correo-1\"><input size=\"40\" class=\"wpcf7-form-control wpcf7-email wpcf7-text wpcf7-validates-as-email\" aria-invalid=\"false\" value=\"\" type=\"email\" name=\"correo-1\" \/><\/span>\n<\/p>\n<h2>N\u00famero de tel\u00e9fono (WhatsApp):\n<\/h2>\n<p>N\u00famero:<br \/>\n<span class=\"wpcf7-form-control-wrap\" data-name=\"tel-1\"><input size=\"40\" class=\"wpcf7-form-control wpcf7-tel wpcf7-validates-as-required wpcf7-text wpcf7-validates-as-tel\" aria-required=\"true\" aria-invalid=\"false\" value=\"\" type=\"tel\" name=\"tel-1\" \/><\/span>\n<\/p>\n<h2>\u00bfDe qu\u00e9 ciudad nos contactan?\n<\/h2>\n<p>Ciudad:<br \/>\n<span class=\"wpcf7-form-control-wrap\" data-name=\"ciudad-1\"><input size=\"40\" class=\"wpcf7-form-control wpcf7-text wpcf7-validates-as-required\" aria-required=\"true\" aria-invalid=\"false\" value=\"\" type=\"text\" name=\"ciudad-1\" \/><\/span>\n<\/p>\n<h2>Tipo de evento\n<\/h2>\n<p>Ciudad:<br \/>\n<span class=\"wpcf7-form-control-wrap\" data-name=\"tipo-1\"><input size=\"40\" class=\"wpcf7-form-control wpcf7-text wpcf7-validates-as-required\" aria-required=\"true\" aria-invalid=\"false\" value=\"\" type=\"text\" name=\"tipo-1\" \/><\/span>\n<\/p>\n<h2>\u00bfFecha a realizarse la boda\/evento?\n<\/h2>\n<p>Fecha:<br \/>\n<span class=\"wpcf7-form-control-wrap\" data-name=\"fecha-1\"><input size=\"40\" class=\"wpcf7-form-control wpcf7-text wpcf7-validates-as-required\" aria-required=\"true\" aria-invalid=\"false\" value=\"\" type=\"text\" name=\"fecha-1\" \/><\/span>\n<\/p>\n<h2>\u00bfN\u00famero de invitados m\u00e1ximo para el evento?\n<\/h2>\n<p>N\u00famero de invitados:<br \/>\n<span class=\"wpcf7-form-control-wrap\" data-name=\"invitados-1\"><input size=\"40\" class=\"wpcf7-form-control wpcf7-text wpcf7-validates-as-required\" aria-required=\"true\" aria-invalid=\"false\" value=\"\" type=\"text\" name=\"invitados-1\" \/><\/span>\n<\/p>\n<h2>\u00bfLugar destino de la boda\/evento?\n<\/h2>\n<p>Lugar:<br \/>\n<span class=\"wpcf7-form-control-wrap\" data-name=\"lugar-1\"><input size=\"40\" class=\"wpcf7-form-control wpcf7-text wpcf7-validates-as-required\" aria-required=\"true\" aria-invalid=\"false\" value=\"\" type=\"text\" name=\"lugar-1\" \/><\/span>\n<\/p>\n<h2>\u00bfYa cuentan con venue\/recinto para el evento?\n<\/h2>\n<p><span class=\"wpcf7-form-control-wrap\" data-name=\"venue-1\"><select class=\"wpcf7-form-control wpcf7-select wpcf7-validates-as-required\" aria-required=\"true\" aria-invalid=\"false\" name=\"venue-1\"><option value=\"Si\">Si<\/option><option value=\"No\">No<\/option><\/select><\/span>\n<\/p>\n<h2>\u00bfCu\u00e1l es el nombre del venue?\n<\/h2>\n<p>Nombre:<br \/>\n<span class=\"wpcf7-form-control-wrap\" data-name=\"venue-2\"><input size=\"40\" class=\"wpcf7-form-control wpcf7-text wpcf7-validates-as-required\" aria-required=\"true\" aria-invalid=\"false\" value=\"\" type=\"text\" name=\"venue-2\" \/><\/span>\n<\/p>\n<h2>Enumere cu\u00e1l de los siguientes servicios consideras prioridad en invertir (1. m\u00e1s importante y 7. menos importante):<br \/>\nRecinto\/Venue<br \/>\nDecoraci\u00f3n\/Flores<br \/>\nCatering\/Banquete<br \/>\nMobiliario<br \/>\nM\u00fasica\/Iluminaci\u00f3n<br \/>\nNo tengo uno en particular<br \/>\nOtro (especificar)\n<\/h2>\n<p>Escribe aqu\u00ed.<br \/>\n<span class=\"wpcf7-form-control-wrap\" data-name=\"invertir-1\"><input size=\"40\" class=\"wpcf7-form-control wpcf7-text\" aria-invalid=\"false\" value=\"\" type=\"text\" name=\"invertir-1\" \/><\/span>\n<\/p>\n<h2>Ind\u00edcanos rangos aproximado para la inversi\u00f3n de su boda total\n<\/h2>\n<p>Rango:<br \/>\n<span class=\"wpcf7-form-control-wrap\" data-name=\"rango-1\"><input size=\"40\" class=\"wpcf7-form-control wpcf7-text\" aria-invalid=\"false\" value=\"\" type=\"text\" name=\"rango-1\" \/><\/span>\n<\/p>\n<h2>Como empresa integral de eventos, manejamos diversos servicios a tu disposici\u00f3n desde la log\u00edstica hasta el dise\u00f1o de la misma. \u00bfTienen considerado alguno en espec\u00edfico con nosotros? De ser as\u00ed, cu\u00e1l\/es?\n<\/h2>\n<p><span class=\"wpcf7-form-control-wrap\" data-name=\"servicios-1\"><span class=\"wpcf7-form-control wpcf7-checkbox\"><span class=\"wpcf7-list-item first\"><label><input type=\"checkbox\" name=\"servicios-1[]\" value=\"Decoraci\u00f3n\" \/><span class=\"wpcf7-list-item-label\">Decoraci\u00f3n<\/span><\/label><\/span><span class=\"wpcf7-list-item last\"><label><input type=\"checkbox\" name=\"servicios-1[]\" value=\"Producci\u00f3n Integral y Decoraci\u00f3n\" \/><span class=\"wpcf7-list-item-label\">Producci\u00f3n Integral y Decoraci\u00f3n<\/span><\/label><\/span><\/span><\/span>\n<\/p>\n<h2>\u00bfQu\u00e9 tan importante es para ti que tu evento tenga elementos exclusivos y personalizados?\n<\/h2>\n<p><span class=\"wpcf7-form-control-wrap\" data-name=\"personalizado-1\"><input size=\"40\" class=\"wpcf7-form-control wpcf7-text\" aria-invalid=\"false\" value=\"\" type=\"text\" name=\"personalizado-1\" \/><\/span>\n<\/p>\n<h2>\u00bfEn caso de requerir \u00fanicamente decoraci\u00f3n, cuentan con Wedding planner? De ser as\u00ed, cu\u00e1l es su nombre?\n<\/h2>\n<p><span class=\"wpcf7-form-control-wrap\" data-name=\"planner-1\"><input size=\"40\" class=\"wpcf7-form-control wpcf7-text\" aria-invalid=\"false\" value=\"\" type=\"text\" name=\"planner-1\" \/><\/span>\n<\/p>\n<h2>\u00bfPor qu\u00e9 medio se enteraron de nosotros?\n<\/h2>\n<p>Medio:<br \/>\n<span class=\"wpcf7-form-control-wrap\" data-name=\"medio-1\"><select class=\"wpcf7-form-control wpcf7-select wpcf7-validates-as-required\" aria-required=\"true\" aria-invalid=\"false\" name=\"medio-1\"><option value=\"Recomendaci\u00f3n\">Recomendaci\u00f3n<\/option><option value=\"Facebook\">Facebook<\/option><option value=\"Instagram\">Instagram<\/option><option value=\"Asist\u00ed como invitad@\">Asist\u00ed como invitad@<\/option><\/select><\/span>\n<\/p>\n<h2>Comp\u00e1rtenos 5 fotos que m\u00e1s les guste como inspiraci\u00f3n de su boda.\n<\/h2>\n<p><span class=\"wpcf7-form-control-wrap\" data-name=\"fotos-1\"><input size=\"40\" class=\"wpcf7-form-control wpcf7-drag-n-drop-file d-none\" aria-required=\"true\" aria-invalid=\"false\" type=\"file\" multiple=\"multiple\" data-name=\"fotos-1\" data-id=\"10\" data-version=\"free version 1.3.7.7\" accept=\".\" \/><\/span>\n<\/p>\n<h1 align=\"center\"><input class=\"wpcf7-form-control wpcf7-submit has-spinner\" type=\"submit\" value=\"Enviar\" \/>\n\t<h1>\n\t<\/h1>\n<\/h1><div class=\"wpcf7-response-output\" aria-hidden=\"true\"><\/div>\n<\/form>\n<\/div>\n<\/div>\n\t\t\t\t<\/div>\n\t\t\t\t<\/div>\n\t\t\t\t\t<\/div>\n\t\t<\/div>\n\t\t\t\t\t\t\t<\/div>\n\t\t<\/section>\n\t\t\t\t\t\t\t<\/div>\n\t\t","protected":false},"excerpt":{"rendered":"","protected":false},"author":2,"featured_media":0,"parent":0,"menu_order":0,"comment_status":"closed","ping_status":"closed","template":"","meta":{"footnotes":""},"class_list":["post-27","page","type-page","status-publish","hentry"],"_links":{"self":[{"href":"https:\/\/alejandrazermeno.mx\/formulario\/index.php\/wp-json\/wp\/v2\/pages\/27","targetHints":{"allow":["GET"]}}],"collection":[{"href":"https:\/\/alejandrazermeno.mx\/formulario\/index.php\/wp-json\/wp\/v2\/pages"}],"about":[{"href":"https:\/\/alejandrazermeno.mx\/formulario\/index.php\/wp-json\/wp\/v2\/types\/page"}],"author":[{"embeddable":true,"href":"https:\/\/alejandrazermeno.mx\/formulario\/index.php\/wp-json\/wp\/v2\/users\/2"}],"replies":[{"embeddable":true,"href":"https:\/\/alejandrazermeno.mx\/formulario\/index.php\/wp-json\/wp\/v2\/comments?post=27"}],"version-history":[{"count":34,"href":"https:\/\/alejandrazermeno.mx\/formulario\/index.php\/wp-json\/wp\/v2\/pages\/27\/revisions"}],"predecessor-version":[{"id":170,"href":"https:\/\/alejandrazermeno.mx\/formulario\/index.php\/wp-json\/wp\/v2\/pages\/27\/revisions\/170"}],"wp:attachment":[{"href":"https:\/\/alejandrazermeno.mx\/formulario\/index.php\/wp-json\/wp\/v2\/media?parent=27"}],"curies":[{"name":"wp","href":"https:\/\/api.w.org\/{rel}","templated":true}]}}